2*t**3 - 121*t**2 - 611*t + 1692. Calculate s(65).
2
Let y(w) = -2*w**2 + 2104*w + 14818. Give y(-7).
-8
Let t(s) = 36*s - 2061. Calculate t(57).
-9
Let q(m) = 57*m - 449. Give q(0).
-449
Let d(i) = -35*i**2 + 178*i + 2. Give d(1).
145
Let l(d) = d**2 - 4*d + 56. Give l(0).
56
Let z(v) = -103*v + 18. What is z(2)?
-188
Let f(p) = p**2 + 293*p + 5705. Calculate f(-21).
-7
Let f(r) = -r**3 + 10*r**2 - 13*r - 18. What is f(8)?
6
Let w(h) = 3*h - 62. Determine w(-28).
-146
Let s(n) = -23*n**2 - 237*n - 622. Calculate s(-5).
-12
Let f(j) = 81*j - 177. Determine f(7).
390
Let h(v) = -2*v**3 - 14*v**2 + 31*v + 15. Calculate h(-9).
60
Let w(z) = z**3 - 20*z**2 - 160*z + 3587. What is w(16)?
3
Let v(p) = -8*p**3 - 3*p**2 + 6*p - 1. Calculate v(3).
-226
Let s(f) = 164*f + 86. Determine s(-1).
-78
Let t(p) = -5*p**2 - 75*p + 277. What is t(-18)?
7
Let g(c) = c**2 + 17*c - 539. What is g(-33)?
-11
Let b(x) = x**2 + 149*x + 868. What is b(-6)?
10
Let b(f) = 32*f + 241. Calculate b(-12).
-143
Let b(t) = 6*t**2 - 51*t - 804. Determine b(-8).
-12
Let m(n) = n**3 + 49*n**2 - 24*n - 1194. What is m(-49)?
-18
Let r(m) = -2*m**3 + 175*m**2 - 414*m - 938. Give r(85).
-3
Let f(s) = s**3 - 6*s**2 + 6*s + 22. Calculate f(-4).
-162
Let v(x) = -x**2 + 50*x - 490. Give v(29).
119
Let r(h) = h**2 - 17*h - 57. Determine r(0).
-57
Let f(z) = -z**2 - 93*z - 1744. Calculate f(-67).
-2
Let a(f) = 16*f**2 + 45*f - 17. Determine a(-3).
-8
Let v(r) = -43*r + 83. Determine v(-1).
126
Let t(n) = n**3 + 43*n**2 + 70*n - 332. Calculate t(-41).
160
Let c(v) = -3*v**2 + 64*v + 112. Determine c(23).
-3
Let t(g) = 5*g - 50. Determine t(14).
20
Let o(m) = 97*m + 62. Determine o(-1).
-35
Let q(w) = -52*w - 54. Calculate q(-5).
206
Let m(q) = 135*q - 13631. Calculate m(101).
4
Let k(f) = -f**2 - 57*f + 1441. Calculate k(19).
-3
Let n(g) = 449*g - 3. Calculate n(0).
-3
Let r(q) = -2*q**2 + 25*q + 98. What is r(20)?
-202
Let r(c) = -15746*c - 535365. Determine r(-34).
-1
Let p(z) = 17*z**2 - 3*z + 10. What is p(-5)?
450
Let v(x) = 2*x**3 - 8*x**2 - 3*x + 53. Give v(6).
179
Let z(g) = 86*g - 13691. Determine z(159).
-17
Let v(q) = -2*q**3 + 194*q**2 + 195*q + 75. What is v(98)?
-23
Let f(w) = -35*w + 813. What is f(23)?
8
Let c(y) = y**3 + 13*y**2 - 3*y - 10. Determine c(-13).
29
Let s(m) = -2*m**2 - 755*m - 2246. Determine s(-3).
1
Let u(r) = r**2 - 35*r + 138. Determine u(6).
-36
Let s(t) = -t**2 - 63*t + 336. Determine s(-67).
68
Let w(v) = 6*v**3 - 45*v**2 + 15*v + 144. Calculate w(6).
-90
Let m(x) = -12357*x + 148288. Give m(12).
4
Let a(y) = y**3 + 29*y**2 - 28*y + 51. Determine a(-30).
-9
Let i(w) = 303*w + 1999. Determine i(-8).
-425
Let j(l) = -l**3 + l**2 + 183*l - 85. Give j(14).
-71
Let n(u) = u**3 + 5*u**2 - 8*u - 17. Give n(-7).
-59
Let g(h) = 3*h**2 - 261*h + 4289. Give g(22).
-1
Let t(z) = 2*z**2 + 45*z + 213. Determine t(-16).
5
Let b(y) = -y**3 - 27*y**2 - 150*y + 408. Calculate b(-16).
-8
Let q(l) = 18*l**3 - 2*l**2 + 69*l + 130. Give q(-2).
-160
Let t(i) = 109*i**2 + 678*i + 129. Calculate t(-6).
-15
Let x(a) = -a**3 - 8*a**2 + 81*a - 102. Give x(-14).
-60
Let o(b) = -387*b + 3066. What is o(8)?
-30
Let w(n) = 3*n**3 + 10*n**2 + 15*n + 9. Calculate w(-2).
-5
Let y(d) = 3*d - 11. Give y(13).
28
Let h(r) = 3*r + 328. Give h(-109).
1
Let y(p) = 3*p**2 + 225*p + 1378. Determine y(-6).
136
Let v(c) = -c**3 + c + 2. Give v(0).
2
Let r(j) = -9*j + 177. Determine r(43).
-210
Let h(s) = 5*s - 88. Give h(18).
2
Let v(r) = -41*r + 43. Calculate v(10).
-367
Let j(r) = -r**2 - 150*r - 2033. Determine j(-135).
-8
Let a(p) = -4*p**2 - 108*p + 14397. Determine a(-75).
-3
Let u(x) = -x**2 - 16*x - 60. What is u(-9)?
3
Let i(y) = -y**2 - 73*y - 1143. Give i(-23).
7
Let x(u) = 4*u**2 - 23*u + 60. What is x(6)?
66
Let s(h) = -10*h**2 + 101*h - 11. What is s(10)?
-1
Let r(m) = 4*m**3 + 66*m**2 + 102*m - 5. Determine r(-2).
23
Let r(o) = -1000*o + 29006. Determine r(29).
6
Let v(u) = 218*u - 1967. Give v(9).
-5
Let g(v) = -7*v**2 + 1844*v - 5461. Give g(3).
8
Let t(p) = 3*p**3 - 2*p**2 + 2*p - 31. Determine t(0).
-31
Let f(j) = -j**3 - 49*j**2 - 270*j - 510. Calculate f(-43).
6
Let p(o) = 18*o - 459. Give p(36).
189
Let a(u) = -u**3 + 14*u**2 + 19*u + 17. Give a(14).
283
Let l(t) = -92*t**2 + 1312*t - 13. What is l(14)?
323
Let s(r) = 7*r**3 + 11*r + 17. Calculate s(-3).
-205
Let s(n) = -n**3 - 7*n**2 + 33*n + 238. Give s(-6).
4
Let t(r) = -r**3 - 104*r**2 - 4*r - 388. Give t(-104).
28
Let c(p) = 3*p**3 + 39*p**2 + 6*p + 93. Determine c(-13).
15
Let p(x) = x**3 + 15*x**2 + 17*x + 290. Calculate p(-15).
35
Let a(o) = 41*o - 219. Determine a(6).
27
Let k(o) = -263*o - 6312. Determine k(-24).
0
Let o(h) = -130*h - 2086. Determine o(-16).
-6
Let i(p) = p**3 - 43*p**2 + 196*p - 41. Determine i(5).
-11
Let k(n) = 21369*n + 42736. Calculate k(-2).
-2
Let h(c) = -2*c**3 + 461*c**2 + 221*c + 2304. Calculate h(231).
-6
Let s(t) = 185*t + 737. Calculate s(-4).
-3
Let j(p) = -2*p**3 - 56*p**2 + 43*p + 1199. Give j(-28).
-5
Let r(d) = -2*d**3 - 12*d**2 - 5*d - 19. Give r(-6).
11
Let b(p) = 260*p + 3570. Give b(-13).
190
Let c(j) = 2*j**2 - 314*j - 4408. Give c(-13).
12
Let k(j) = -41*j - 614. Give k(-10).
-204
Let i(f) = f**2 + 10*f + 19. Calculate i(-2).
3
Let m(i) = 205*i - 2256. What is m(11)?
-1
Let n(j) = -j**3 - 6*j**2 + 38*j - 33. Determine n(-10).
-13
Let v(i) = 2003*i - 68081. Determine v(34).
21
Let p(t) = 9*t**3 + 36*t**2 + 6*t + 6. What is p(-4)?
-18
Let s(m) = m**3 + m**2 - 39*m - 19. Give s(-6).
35
Let m(p) = 214*p + 3618. Give m(-17).
-20
Let t(s) = -23*s**2 + 4*s + 8. Calculate t(-2).
-92
Let u(x) = -33*x**2 + 1649*x + 41. Give u(50).
-9
Let g(h) = 342*h + 678. Calculate g(-2).
-6
Let a(b) = -b**3 - 135*b**2 - 30*b - 4042. Determine a(-135).
8
Let r(h) = -h**3 + 28*h**2 + 124*h + 47. Determine r(32).
-81
Let t(j) = j**3 - 10*j**2 - 24*j + 69. Determine t(14).
517
Let u(k) = -12*k**3 - 92*k**2 + 19*k - 2. Determine u(-8).
102
Let v(k) = -1605*k + 11240. Give v(7).
5
Let g(d) = -d**3 - 34*d**2 - 82*d - 1692. Determine g(-33).
-75
Let q(m) = -4*m**2 - 47*m + 196. Determine q(-15).
1
Let a(q) = -q**2 + 21*q + 1. Calculate a(21).
1
Let u(n) = -130*n**2 + 7*n - 4. Calculate u(1).
-127
Let g(j) = 3*j**2 + 65*j - 1870. Give g(-38).
-8
Let u(s) = 359*s - 719. Give u(2).
-1
Let h(g) = -g**2 - 19*g + 60. What is h(9)?
-192
Let g(w) = -5*w**3 + 30*w**2 - 66*w + 308. Determine g(5).
103
Let g(x) = x**3 - 3*x**2 + 11*x - 4. What is g(5)?
101
Let b(f) = f**3 - 10*f**2 - 15*f + 246. Give b(7).
-6
Let k(l) = -2*l**3 + 27*l**2 + 21*l - 13. Calculate k(14).
85
Let p(r) = -r**3 - 7*r**2 + 37*r + 261. What is p(-7)?
2
Let i(j) = -7*j**2 - 75*j - 209. What is i(-5)?
-9
Let u(k) = 480*k**3 + k**2 + 39*k + 37. What is u(-1)?
-481
Let d(f) = 298*f - 7454. Calculate d(25).
-4
Let g(h) = 6*h**3 + 265*h**2 + 45*h - 85. Calculate g(-44).
-129
Let n(p) = 3*p**3 - 20*p**2 + 16*p - 10. Give n(6).
14
Let w(y) = -3*y**2 + 69*y + 426. Calculate w(28).
6
Let q(y) = -y**2 + 26*y - 37. Give q(13).
132
Let w(p) = -p**3 - 23*p**2 - 23*p - 18. Give w(-22).
4
Let o(n) = -3*n**3 - 2*n**2 + 18*n + 97. Give o(-5).
332
Let n(d) = -30*d + 152. Determine n(5).
2
Let i(s) = -176*s + 50344. What is i(286)?
8
Let b(y) = -5*y + 25. What is b(2)?
15
Let j(a) = -a**3 - 179*a**2 + 562*a + 36211. Calculate j(-181).
11
Let n(x) = -992*x - 5924. What is n(-6)?
28
Let m(l) = 3*l**2 + 4*l + 1. Give m(-3).
16
Let m(i) = -9*i - 40. What is m(14)?
-166
Let f(s) = -s**2 - 94*s - 952. Determine f(-82).
32
Let j(p) = -p**3 + 8*p**2 + 2*p + 5. Calculate j(8).
21
Let f(t) = -5*t**3 - 15*t**2 - 3*t + 19. Calculate f(-2).
5
Let h(u) = 226*u + 727. Calculate h(-2).
275
Let q(b) = -508*b - 9149. Give q(-18).
-5
Let t(l) = l**3 - 10*l**2 + 14*l + 29. What is t(7)?
-20
Let o(b) = -b**2 + 12*b + 163. What is o(-9)?
-26
Let f(z) = -2*z**3 - 6*z**2 - 3*z + 9. What is f(3)?
-108
Let i(l) = -10*l**3 - 384*l**2 + 233*l - 31. Determine i(-39).
8
Let x(a) = 98*a + 14. What is x(-4)?
-378
Let c(k) = -25*k**2 + 3*k - 28. Give c(3).
-244
Let z(n) = n**3 + 18*n**2 + 49*n + 248. Give z(-15).
188
Let n(o) = 30*o**2 + 77*o + 155. Calculate n(-2).
121
Let d(y) = y**3 + y**2 + 14*y - 24. What is d(3)?
54
Let j(r) = 15*r**3 - r**2 - 11*r + 10. Determine j(1).
13
Let h(v) = 7*v